 + z. Suppose -5*j = -v + 15, j - y = -v + 3*j. Let g = v - -6. What are the prime factors of g?
3, 7
Let n = -340 + 2224. What are the prime factors of n?
2, 3, 157
List the prime factors of (40/(-100))/(1/(-4020)).
2, 3, 67
Let w(y) = y**3 + 9*y**2 + 8*y - 7. Suppose 5*p = 3*p + r + 6, -3*p + 5*r + 2 = 0. Let t be (p - (-39)/(-9))*21. What are the prime factors of w(t)?
5, 7
Suppose 4*y + 12 = -5*i - 2, -2*i = -y + 3. Let b be ((-75)/10)/(y/(-26)). List the prime factors of 26/b + (-1654)/(-30).
5, 11
Let s(x) = -99*x**2 - 3 + 266*x**2 - 1 + 3*x. List the prime factors of s(1).
2, 83
Let a(f) = f**3 + 6*f**2 + 5*f - 2. Let l be a(-4). Let x be (4/l)/((-2)/(-30)). Suppose j = x*j - 230. What are the prime factors of j?
2, 23
Let s(w) = -240*w + 165. List the prime factors of s(-3).
3, 5, 59
Let f = 39 - -31. Let a = -4 - -9. Suppose 0*r - a*r = -f. What are the prime factors of r?
2, 7
Suppose 0 = -4*d - 8, 2*q + 1 + 1 = -2*d. List the prime factors of -9 + 4 + 40*q.
5, 7
Let m = 2868 + -1992. What are the prime factors of m?
2, 3, 73
Suppose -2*c = -0*c - 4. Suppose c*w - 1 = 9. Suppose -w*o = -o - 92. List the prime factors of o.
23
Let p(n) = 517*n + 7. List the prime factors of p(1).
2, 131
Let x(f) = 5*f**2 + 12*f + 16. List the prime factors of x(-5).
3
Suppose -12392 = 36*g - 53252. What are the prime factors of g?
5, 227
Suppose -6*u = 2*u. Suppose u*m - m = 2. Let d(h) = 4*h**2 - 1. List the prime factors of d(m).
3, 5
Let o = -747 - -1113. What are the prime factors of o?
2, 3, 61
Let v be 20/9 - (-10)/(-45). Let a be 315/(-27) + v/(-6). Let z = a + 41. What are the prime factors of z?
29
Suppose -2*t - 3*j = 3*t - 275, -4*t = j - 220. Suppose 0*h + t = h. List the prime factors of h.
5, 11
Let o(z) = -4*z**2 - 5. Let g(m) = -m**2 - 2. Let h(a) = 7*g(a) - 2*o(a). Let w(p) = -p**2 - 4*p + 2. Let s be w(-3). What are the prime factors of h(s)?
3, 7
Let i(v) = 226 - 104 - 21*v - 113. What are the prime factors of i(-5)?
2, 3, 19
Suppose -478 = -56*h + 29874. List the prime factors of h.
2, 271
Let i(h) = -12*h**2 + h - 3. Let z be i(3). Let p be 3/((z/88)/9). Let j = 3 - p. List the prime factors of j.
5
Suppose 19890 = 17*h + 17*h. What are the prime factors of h?
3, 5, 13
Suppose -25 = 5*d, 3*h + d + 17 = 5*h. Suppose 5*s - 19 = h. Let q = 19 - s. What are the prime factors of q?
2, 7
Suppose 9*g - g = 1176. Suppose -3*u = 3*j - g, -2*u = 3*u + 2*j - 239. What are the prime factors of u?
47
Let b = 1588 - 10. What are the prime factors of b?
2, 3, 263
Let n = -8 - -17. Suppose 2*j + 4*p + 0 = -2, -3*p = -2*j - n. Let f(y) = 3*y**2 + y - 7. What are the prime factors of f(j)?
17
Let n(p) = 11*p**2 - 19*p - 7. Let o be n(12). Suppose 11*h - o = -370. What are the prime factors of h?
89
Suppose -79*h + 8365 = -74*h. List the prime factors of h.
7, 239
Suppose 0 = 4*j + 6*b - 3*b - 1031, -4*j = -5*b - 1055. Suppose -3*k - 7*t + j = -3*t, 2*t + 90 = k. List the prime factors of k.
2, 11
Suppose 5*y + 5*n = 3*y + 39, 0 = 2*y - 4*n - 48. Let z be (-6720)/(-66) + 4/y. Suppose -203 = -5*h + z. List the prime factors of h.
61
Let t = -69 + 137. Suppose 5*p - 20 = p. Suppose t = p*k - 132. List the prime factors of k.
2, 5
Suppose 5 = -0*t + t. Suppose 3*x + 2 = 2*z - 16, -t*x - 17 = z. Suppose z*j - 35 = 2*r + 2*r, 4*r = -j + 33. What are the prime factors of j?
17
Suppose 0 = 17*c - 8*c - 468. Suppose c*r - 47*r - 265 = 0. List the prime factors of r.
53
Let t = -1773 - -3394. List the prime factors of t.
1621
Suppose -34 = -7*l - 10*l. Suppose -5*b + l*j = -4*b - 86, -b + 4*j = -96. List the prime factors of b.
2, 19
Suppose 2*w - 36 = -2*i - 2*i, -2*w - 2*i + 28 = 0. Let c(q) = 0*q + 1 - w*q - 6 - q**2. List the prime factors of c(-6).
19
Suppose 23000 = -29*h + 103997. List the prime factors of h.
3, 7, 19
What are the prime factors of (-3 + (-99)/(-45))/((-1)/10)?
2
Suppose 7*r - 3*r = 32. Suppose -m + r = -1. Let y(b) = 3*b + 8. List the prime factors of y(m).
5, 7
Let b be (36/(-15))/((-3)/10). Let q = -8 + b. Let c(u) = -2*u**2 - u + 10. List the prime factors of c(q).
2, 5
Let x(p) = -p**2 + 3*p + 8. Let z be x(4). Suppose 13 = z*s + 45. Let u(f) = -f**2 - 16*f - 9. What are the prime factors of u(s)?
5, 11
Let b be (114/95)/(-1 - (-7)/5). What are the prime factors of (-1)/(2 + (b/(-33) - 2))?
11
Let n = 17 - 9. Let o = n - 5. What are the prime factors of -1*(-2 + o)*-20?
2, 5
Let z(y) be the first derivative of y**3/3 - y**2/2 - 14. Let s be z(2). Suppose -2*k + 126 = 4*p, -k + s*k - 5 = 0. List the prime factors of p.
29
Let d be ((-6)/(-9))/((-5)/(-15)). Suppose -2*k = -2*b - 0*k + 102, -d*b - 5*k + 67 = 0. Suppose -b = -2*a + 28. What are the prime factors of a?
37
Suppose 6*p - 8 - 10 = 0. Suppose -5*r - p*v + 437 = 0, -r + 3*v + 26 = -47. What are the prime factors of r?
5, 17
Suppose 2*k + 3*i = 33, -4*k - 3*i - i + 68 = 0. What are the prime factors of k?
2, 3
Let b(q) = -11*q**3 + 5*q**2 + 6*q - 13. List the prime factors of b(-4).
3, 83
Let z = 258 + -242. List the prime factors of z.
2
Let v = 17 - 5. Suppose -c = 2*c + v. Let r = 10 + c. What are the prime factors of r?
2, 3
Let g(l) = 13*l + 12. Let q(i) = 14*i + 11. Let j(p) = 5*g(p) - 6*q(p). List the prime factors of j(-8).
2, 73
Suppose 0 = s - 374 - 243. What are the prime factors of s?
617
Suppose -3 + 23 = -2*p - l, 5*l - 8 = -p. Let f = p - -33. Let m = f + 2. List the prime factors of m.
23
Suppose 21*v - 19*v - 4102 = -2*q, -10263 = -5*q + 3*v. What are the prime factors of q?
2, 3, 19
Suppose 4*u - r = 3*r + 116, -u + 28 = -2*r. Suppose 2*k = 46 - u. What are the prime factors of k?
2
Let h(q) = -q**2 - 12*q + 16. Let i be h(-13). Let x(j) = 2*j - 3. Let c be x(i). Suppose -3*m + 3*l + 55 = -68, 3*l + c = 0. What are the prime factors of m?
2, 5
Let f(b) = -b**2 + 10*b - 19. Let t be f(11). Let n = t - -199. List the prime factors of n.
13
List the prime factors of 543 + 3 - (-4 - (-12)/6).
2, 137
Suppose -16422 = 62*r - 148978. What are the prime factors of r?
2, 1069
Let w(q) = q + 18. What are the prime factors of w(-13)?
5
Let w = 841 - 454. Let l = w - 246. What are the prime factors of l/9 - 4/(-12)?
2
Let z(h) = 110*h**2 - 7*h + 18. List the prime factors of z(5).
3, 911
Let q(m) be the third derivative of m**5/12 - m**3/6 + m**2. Let c be q(-1). Suppose -8 = -5*v + c*v. List the prime factors of v.
2
Let k = 19 - 50. Let x = 34 + k. Suppose -x*t + 8 = -37. List the prime factors of t.
3, 5
Let n(k) = -k**3 + 7*k**2 + k - 7. Let g be n(7). Suppose g*s + s - 66 = 0. Let f = s - 23. What are the prime factors of f?
43
Suppose -a = 252 - 429. List the prime factors of a.
3, 59
Let c(s) = -37*s. Let u be c(-4). Suppose -3*v + u = -v. Suppose 2*m + r - 23 = 2*r, -5*m - 3*r + v = 0. What are the prime factors of m?
13
Let i(j) = j**3 - 5*j**2 - j + 1. Let h be i(5). Suppose -53 - 5 = -2*k. Let z = h + k. List the prime factors of z.
5
Let p = 525 + -246. List the prime factors of p.
3, 31
What are the prime factors of -3 + (-718)/(11/(-11))?
5, 11, 13
Let p be (6/(-9))/((-1)/9). What are the prime factors of 2*17*3/p?
17
Let c(b) = 24*b**3 + b**2 - 2*b + 1. Suppose -3*v - 3*p - p = -19, 3 = 3*p. Suppose 6*u - u = v. List the prime factors of c(u).
2, 3
Let c(o) be the second derivative of o**5/10 + o**4/12 - o**3/6 + 3*o**2/2 + 15*o. What are the prime factors of c(3)?
3, 7
Suppose -5*n + 140 = 5*m, 0*n = 4*m + 3*n - 108. Suppose -3*a = v + v - 13, v - 13 = 5*a. Let i = m - v. What are the prime factors of i?
2
Let z = 825 + 28. List the prime factors of z.
853
Let q(g) = 297*g**3 + g**2 + 2*g - 1. Let h be q(1). Suppose -5*t = -3*d + 770, -d = 5*t - h + 69. Suppose 8*r = 3*r + d. What are the prime factors of r?
2, 5
Let m = -27 - -28. What are the prime factors of (m + -2)/(5/(-285))?
3, 19
Let g(f) = 75*f**2 + f + 3. Let b be g(2). Let y = b - 199. List the prime factors of y.
2, 53
Let b(v) = -v**3 + 27*v**2 + 38*v + 19. List the prime factors of b(27).
5, 11, 19
Suppose -70*f = -67*f - 15. What are the prime factors of (0 + f)*456/20?
2, 3, 19
Let p = 64 + -67. What are the prime factors of (27/(-6) + p)*-6?
3, 5
Let p(l) = 3*l**2 + 3*l + 6. Let j(d) = 2*d**3 - 11*d**2 + 5*d - 4. Let c be j(5). List the prime factors of p(c).
2, 3, 7
Let y(a) = -3*